se 3*j - 4*z - 84 = -0*j, 73 = 2*j + 3*z. Suppose j - 12 = -2*v + 4*p, -2*p = -4*v - 22. What is m(v)?
-2
Let w(r) = -r - 4. Let x(j) = 7 + 3*j - 3 - 6*j + 5*j. Let b be x(-2). Give w(b).
-4
Let q = -278 - -290. Let x(v) = -v + 4. What is x(q)?
-8
Let t(s) = -9*s**3 - 19*s**2 + 19*s + 22. Let i(k) = -13*k**3 - 20*k**2 + 19*k + 21. Let f(r) = -2*i(r) + 3*t(r). Give f(-18).
6
Let x(z) = z**3 - 6*z**2 + 5*z - 1. Let h be -2 - -7*(-1 - (-3)/(-3)). Let k = h - -21. Determine x(k).
-1
Let x(s) = 2*s**2 + 11*s - 3. Let d(u) = -u**2 - 2*u. Let z(l) = 3*d(l) + x(l). What is z(5)?
-3
Let y(o) = o**3 - 7*o**2 + 3*o - 5. Let s(l) = 2*l**3 - 14*l**2 + 5*l - 9. Let h(b) = 2*b**2 - b + 2. Let f be h(1). Let j(k) = f*s(k) - 5*y(k). Determine j(7).
-2
Let c(u) be the first derivative of u**2/2 + 4*u - 63. Calculate c(-4).
0
Let v(z) = 3*z**3 + 4*z**2 + 8*z + 4. Let h(l) = -l**3 - l**2 - 2*l - 1. Suppose 0 = -6*o - 2 + 8. Let y(u) = o*v(u) + 4*h(u). Determine y(1).
-1
Let c(h) = -3*h**2 - 21*h + 12. Let z be c(-7). Let b(x) = -x**3 + 11*x**2 + 11*x + 7. Give b(z).
-5
Let a(v) = 10*v**2 - 44*v + 6. Let x(d) = 2*d**2 - 9*d + 1. Let c(h) = -2*a(h) + 11*x(h). Let u be c(6). Let l(m) = m**3 - 6*m**2 + 5*m + 2. Calculate l(u).
2
Let i(g) = -3*g - 2. Let m be 0 + -1 + 14 + 0. Suppose -25 = 3*z + 20. Let l = z + m. Give i(l).
4
Suppose -10*a = -40, -5*s + 23*a = 22*a + 89. Let i(h) = -h**2 - 16*h + 10. What is i(s)?
-7
Let s = 582 - 576. Let j(y) = -y**2 + 7*y - 4. Calculate j(s).
2
Let n(h) = h + 5. Let i(p) = -4*p - 27. Let s be i(-6). What is n(s)?
2
Suppose 0 = -f + j - 6*j + 58, -4*j = -20. Let a be (-6)/f - (-53)/(-11). Let n(o) = 3*o + 7. Calculate n(a).
-8
Let b(i) = i + 7. Let h(q) = -q**3 + 20*q**2 - 20*q + 16. Let t be h(19). Calculate b(t).
4
Let f(t) = -33*t + 26. Let g be f(1). Let p(j) = j - 1. Determine p(g).
-8
Let l(r) be the third derivative of -r**5/30 + r**4/4 - r**3/3 - 2*r**2. Suppose -3*d = -m - 5, -5 = -5*d - 2*m + 7. Suppose 36 = -d*z + 44. Determine l(z).
-10
Let c(h) = h**3 + 5*h**2 - 6*h + 2. Let g be ((-8)/(-12))/((-10)/75 - 0). Give c(g).
32
Let a = 243 - 231. Let j(z) = -z**3 + 12*z**2 - z + 12. Give j(a).
0
Let t(g) = -5*g + 7. Let w(k) = 4*k - 6. Let p(y) = -5*t(y) - 6*w(y). Suppose -4*n = 17 - 5. Let d be (-4)/(n/((-9)/2)). Give p(d).
-5
Let y(r) = r - 4. Let m(b) be the first derivative of 3*b**2/2 - b - 24. Let h be m(2). Give y(h).
1
Let g(x) = 2*x - 1. Let z(k) = 3*k - 3. Let s(l) = 5*g(l) - 3*z(l). Let a be 9 + (1 - 6)*1. What is s(a)?
8
Let x(r) = r**2 + 30*r - 32. Let u be x(-31). Let t(s) = 26*s + 1. Give t(u).
-25
Let s(d) be the second derivative of -d**4/12 - d**3/3 - d**2/2 + 285*d. Determine s(-1).
0
Let i(g) = 3*g - 10. Let t(x) be the second derivative of -x**3/6 + x**2/2 + 6*x. Let c(h) = -i(h) - 4*t(h). What is c(-6)?
0
Let d(x) = -x**3 + 2*x**2 - 4*x + 1. Let z(w) = 6*w**3 - 10*w**2 + 11*w - 7. Let i(a) = 4*d(a) + z(a). Calculate i(3).
18
Let h(n) be the second derivative of -n**4/12 + 5*n**3/3 - 5*n**2 + 7*n. Suppose l = -4*m + 30 - 0, -m + 5*l = -18. Calculate h(m).
6
Suppose -3*a + 192 = f, -3*a + 231 = 5*f + 51. Let p(c) = 3*c + 37 - a + c**3 + 28 + 5*c**2. Give p(-3).
9
Let d(c) be the second derivative of 10*c + 1/20*c**5 + 3/2*c**2 - 1/3*c**4 - 1/2*c**3 + 0. Determine d(5).
13
Let k = 125 - 129. Let g(i) = -i**2 - 1. Let u(y) = -y**3 - 11*y**2 - 5*y. Let w(c) = k*g(c) + u(c). Calculate w(-6).
-2
Let x = 29 - 33. Let g(y) be the second derivative of -y**3/6 - 5*y**2/2 + 3*y. Give g(x).
-1
Let c(v) = 3*v**2 - 4*v + 3. Suppose -22 = -16*j + 10. Calculate c(j).
7
Let g be ((-15)/10)/((-6)/20). Suppose -31 = -g*r - 6. Let y(b) = 3*b - r*b - b**2 + 9 - 7. Calculate y(3).
-13
Let l(u) = -3 + 4 - 1 + 17*u**2 - 3*u - u**3 - 23*u**2. Calculate l(-5).
-10
Let o(r) = r**2 + 3*r + 1. Let d = -77 - -45. Let t = d + 30. Give o(t).
-1
Let z(d) = 17*d**2 - 9*d + 9. Let u(f) = -28*f**2 + 17*f - 18. Let t(b) = 3*u(b) + 5*z(b). Give t(-8).
7
Let o(k) = k**3 + k. Let p(f) = -2*f**3 - 1. Let r(h) = o(h) + p(h). Suppose 0 = 52*d - 53*d + 1. Let s be d - -3 - (18 + -16). Calculate r(s).
-7
Let s(g) = g**2 - 4*g - 6. Let t(c) = -c**2 - 2*c + 13. Let k be t(0). Suppose 0 = 5*v - 12 - k. Give s(v).
-1
Let l = 252 + -250. Let a(s) = -s**2 + 2*s - 3. Give a(l).
-3
Let h be (27 + -24)/(3/5). Let y(g) = g. Let c(r) = -r**2 + 4*r - 4. Let i(o) = c(o) + 2*y(o). What is i(h)?
1
Let t(a) = a**2 + 4*a + 1. Let s(h) = 5*h + 2*h - h**3 + h + 6 - 5*h**2. Suppose 4*f + 4*i + 24 = 0, -4*f = -4*i + i + 24. Let b be s(f). Give t(b).
13
Let i(m) be the first derivative of -8*m - 1/4*m**4 - 1 + 1/3*m**3 + 0*m**2. Suppose -2*v = -6*v. What is i(v)?
-8
Suppose 0 = -o + 3*o + r + 9, -r + 11 = -3*o. Let u = o + 29. Let z = 26 - u. Let s(a) = 12*a**2 - a + 1. Calculate s(z).
12
Let h = 623 - 628. Let y(r) be the first derivative of r**6/120 + r**5/12 - r**3 + r**2 - 1. Let g(w) be the second derivative of y(w). What is g(h)?
-6
Suppose -4*p + 10 = -2. Let k(i) = 6*i**2 + 64*i**p - 65*i**3 - 5*i - 1 - 2 - 2. Calculate k(5).
-5
Suppose c - 27 + 9 = -4*x, 2*c = 3*x - 19. Let p(s) = -5*s + 7. What is p(x)?
-18
Let p(y) = 4*y + 3. Suppose -r + 12 = 2*r. Let j(v) = -v**3 + 5*v**2 - 5*v + 6. Let q be j(r). Suppose 2*l + 6 = 0, -3*w + l - q - 1 = 0. What is p(w)?
-5
Suppose 11 = 5*b - 9. Let v(n) = -4*n - 9. Let k(w) = 5*w + 10. Let i = 0 - -3. Let y(l) = b*v(l) + i*k(l). Determine y(-3).
-3
Let z(n) = -4*n - 14. Let t(y) = -2*y - 7. Let a(g) = 5*t(g) - 3*z(g). Give a(-5).
-3
Let m(q) = -q**2 - q - 1. Suppose l - 2 = 2. Let p(d) = d**2 - 6*d + 5. Let z be p(l). Let j be z/2 - (-2)/(-4). Determine m(j).
-3
Let n(p) = -26 + 14*p**2 + 15*p**2 + 7*p**2 + 8*p**2 + 15*p - 45*p**2. Give n(12).
10
Let k(z) = -z**3 + 12*z**2 - z + 9. Let u(p) = 10*p - 218. Let j be u(23). Determine k(j).
-3
Let q(l) = 1. Suppose 0 = -7*b - 6 - 22. Let i(c) = c - 5. Let r(a) = b*q(a) - i(a). Suppose -3*d - 3*s + 24 = 0, -2*d + 38 = 5*s + 10. What is r(d)?
-3
Let v(b) = -4*b**3 - 8*b**2 + 10*b + 20. Let n be v(-2). Let h(r) = -r**3 + r**2 - 2*r - 7. What is h(n)?
-7
Let w(q) = -q + 9. Let s be w(-4). Let d(p) = s - 15 - p - 8. Let k be d(-8). Let y(x) = -3*x + 1. What is y(k)?
7
Let z(k) = 11*k + 13. Let p(w) = w - 1. Let f be p(-5). Let b be (-416)/64*(1 - -1). Let q(t) = -5*t - 6. Let h(y) = b*q(y) + f*z(y). Calculate h(-4).
4
Let m(v) = -v**3 - 4*v**2 - 2*v - 5. Let r = 7 - 4. Suppose n = -r*n + 16. Suppose 3*p + n = 2*p. Give m(p).
3
Let v(y) = y**3 - 3*y**2 + 6. Let k be v(2). Let a(q) = -12*q + 2 + 10 + 2 + q**k. Calculate a(10).
-6
Let r(g) be the third derivative of -g**6/360 + g**5/120 - 11*g**3/6 - 11*g**2. Let z(k) be the first derivative of r(k). Give z(3).
-6
Let p(a) be the second derivative of 0*a**3 - 1/120*a**5 - 1/240*a**6 + 0*a**2 - a + 0 - 1/12*a**4. Let x(u) be the third derivative of p(u). Determine x(1).
-4
Let f(x) be the third derivative of -x**6/120 + x**5/6 + x**4/2 - 5*x**3/6 - x**2. Suppose 28*p - 64 = 244. Give f(p).
6
Suppose 2*x + 24 = 10. Let j(f) = 2*f - 4 - 1 - 2*f - f. Calculate j(x).
2
Let s(h) = h**3 - 23*h**2 - 23*h - 26. Let r be s(24). Let f be (-2)/(-1 - 1) - -4. Let j(x) = -5*x - 8 + f + x**2 + 3*x. Determine j(r).
5
Let n(v) = -4*v + 3. Suppose 3*z = c + 15, -3*c + 2 = z - 3. Let y = c - 5. Determine n(y).
23
Let w(s) = s. Let m(g) = g**2 + 6*g + 5. Let h be m(-1). Let k be 3 - h/(5 + -2). Give w(k).
3
Let r = 686 - 691. Let v(t) = t**2 - 9*t - 2*t - 6 + 4*t + 3*t**2 + t**3. Calculate v(r).
4
Let p(d) = -d + 19. Suppose 0 = -3*l - 5*a + 65, 15*l - 3*a = 14*l + 17. Give p(l).
-1
Let f(k) be the first derivative of -k**2/2 - k - 5. Suppose 4*a - a = 0. Calculate f(a).
-1
Let k(b) = -b**2 - 10*b. Let f(w) = 30*w + 22. Let o be f(-1). Determine k(o).
16
Let g(w) = 6*w**3 + w + 1. Let h(a) = -2*a**2 - 10*a - 1. Let z be h(0). Calculate g(z).
-6
Suppose -20*u = -8*u - 60. Let s be 15/u - (0 + 2). Let j(o) = -7*o**3 + o. Determine j(s).
-6
Let j(d) = -d**3 - 7*d**2 - 5*d + 6. Suppose 6*q - 45 = q. Let o = -15 + q. What is j(o)?
0
Let k be -2*(13/26)/((-1)/2). Let h(j) = 1 - k + 624*j**3 - 610*j**3 + j**2. What is h(1)?
14
Let o = -4 + 20. Let t = -10 + o. Let y(k) be the third derivative of -k**5/60 + k**4/4 - 7*k**3/6 + 216*k**2. Give y(t).
-7
Suppose 